{"id":82,"date":"2025-03-30T17:19:19","date_gmt":"2025-03-30T20:19:19","guid":{"rendered":"http:\/\/pontocomletra.nossopapel.org.br\/?page_id=82"},"modified":"2026-02-25T10:45:27","modified_gmt":"2026-02-25T13:45:27","slug":"parceiros","status":"publish","type":"page","link":"https:\/\/pontocomletra.nossopapel.org.br\/?page_id=82","title":{"rendered":"PARCEIROS"},"content":{"rendered":"\n<figure class=\"wp-block-image aligncenter size-full\"><img loading=\"lazy\" decoding=\"async\" width=\"432\" height=\"522\" src=\"http:\/\/pontocomletra.nossopapel.org.br\/wp-content\/uploads\/2026\/02\/WhatsApp-Image-2026-02-20-at-12.53.44.jpeg\" alt=\"\" class=\"wp-image-1808\" srcset=\"https:\/\/pontocomletra.nossopapel.org.br\/wp-content\/uploads\/2026\/02\/WhatsApp-Image-2026-02-20-at-12.53.44.jpeg 432w, https:\/\/pontocomletra.nossopapel.org.br\/wp-content\/uploads\/2026\/02\/WhatsApp-Image-2026-02-20-at-12.53.44-248x300.jpeg 248w\" sizes=\"auto, (max-width: 432px) 100vw, 432px\" \/><\/figure>\n\n\n\n<p class=\"has-text-align-center has-white-color has-black-background-color has-text-color has-background has-link-color has-medium-font-size wp-elements-6daba3a2f6929006e65bd8fbe4250e2c\"><strong>AGRADECIMENTOS<\/strong><\/p>\n\n\n\n<p>A Ong O Nosso Papel, equipe do projeto Festival Ponto com Letra \u2014 Escritores em A\u00e7\u00e3o-Rio Capital Mundial do Livro 2025 \u2014 Edi\u00e7\u00e3o Cultura Viva 2024, agradece imensamente ao patroc\u00ednio do Governo Federal, Minist\u00e9rio da Cultura, Prefeitura do Rio de Janeiro, Secretaria Municipal de Cultura, UNESCO e o apoio da OI Futuro.<\/p>\n\n\n\n<p>Agradecemos em especial a todos os parceiros institucionais: Col\u00e9gio Estadual Augusto Ruschi, SEEDUC, Casa de Cultura Jos\u00e9 Bonif\u00e1cio Museu de Comunica\u00e7\u00e3o e Costumes, Biblioteca Escolar Municipal de Paquet\u00e1 Joaquim Manuel de Macedo, Primeira CR\u00ca, SME, Municipal Futebol Clube, Col\u00f4nia de Pescadores Z13, Tribo de Artes do Humano, Estante Volante, Oficina Editores, Ventura Editora, Paquet\u00e1 VIP, ACLAPTCTC-ES e ACLAPTCTC Se\u00e7\u00e3o Rio, Instituto AUPABA, Bloco Serragens, Centro Cultural Na\u00e7\u00e3o das Artes, Projeto Interconsulta Medicina PROEXC UNIRIO, Campus Avan\u00e7ado, Eco Tampas, ABRAMES, Centro Comunit\u00e1rio J\u00falio Otonio, CIEP 303 \u2014 Ayrton Senna da Silva, XXI Regi\u00e3o Administrativa, Guarda Municipal, Charretour, Eco-taxistas, CRAS Dod\u00f4 da Portela, Rede Sem Fronteiras, Mosaico Cultural, Arte em Laranjeiras e Cosme Velho \u2014 realizado pela AMAL \u2014 Associa\u00e7\u00e3o de Moradores e Amigos de Laranjeiras, Ju\u00e7ara Valverde Arte e Literatura, GRES Mocidade Unida do Santa Marta, Academia Brasileira de Cordel e Projeto Cultura na Cesta.<\/p>\n\n\n\n<p>Saraus: Te Encontro na APPERJ, Ter\u00e7a ComVerso, Ode ao Poeta, Sarau da Varanda, Ratos Di Versos, Poeta Saia da Gaveta \u2014 PSG POST digital, Rio Psiu Po\u00e9tico rumo aos 40 anos, Sarau FioMultiCultural, Poesia Cult, Clube das Palavras, Sarau na Casa D\u2019Alma, Projeto Cultural M\u00fasica, Poesia e Voc\u00ea, Roda Po\u00e9tica do Espa\u00e7o Zagut, Letras da Favela, Sarau do Largo Est\u00e1cio de S\u00e1 (ADAQUERJ).<\/p>\n\n\n\n<p>Aos funcion\u00e1rios do Col\u00e9gio Estadual Augusto Ruschi, Casa de Cultura Jos\u00e9 Bonif\u00e1cio Museu de Comunica\u00e7\u00e3o e Costumes, Municipal Futebol Clube, Biblioteca Escolar Municipal de Paquet\u00e1 Joaquim Manuel de Macedo pelo apoio \u00e0 produ\u00e7\u00e3o do Festival.<\/p>\n\n\n\n<p>E aos poetas, escritores, artistas que colaboraram com os seus trabalhos para a inser\u00e7\u00e3o no blog, livro e exposi\u00e7\u00f5es, enfim, a todos que acreditaram na realiza\u00e7\u00e3o desse sonho e navegaram conosco durante essa incr\u00edvel viagem atrav\u00e9s do mundo da literatura, nos inspirando a juntar letras, formar palavras, inserir pontos, formar frases, versos e assim se tornarem coautores desse livro.<\/p>\n","protected":false},"excerpt":{"rendered":"<p>AGRADECIMENTOS A Ong O Nosso Papel, equipe do projeto Festival Ponto com Letra \u2014 Escritores em A\u00e7\u00e3o-Rio Capital Mundial do<\/p>\n","protected":false},"author":2,"featured_media":403,"parent":0,"menu_order":0,"comment_status":"closed","ping_status":"closed","template":"","meta":{"colormag_page_layout":"default_layout","_editorskit_title_hidden":false,"_editorskit_reading_time":0,"_editorskit_is_block_options_detached":false,"_editorskit_block_options_position":"{}","footnotes":""},"class_list":["post-82","page","type-page","status-publish","has-post-thumbnail","hentry"],"_links":{"self":[{"href":"https:\/\/pontocomletra.nossopapel.org.br\/index.php?rest_route=\/wp\/v2\/pages\/82","targetHints":{"allow":["GET"]}}],"collection":[{"href":"https:\/\/pontocomletra.nossopapel.org.br\/index.php?rest_route=\/wp\/v2\/pages"}],"about":[{"href":"https:\/\/pontocomletra.nossopapel.org.br\/index.php?rest_route=\/wp\/v2\/types\/page"}],"author":[{"embeddable":true,"href":"https:\/\/pontocomletra.nossopapel.org.br\/index.php?rest_route=\/wp\/v2\/users\/2"}],"replies":[{"embeddable":true,"href":"https:\/\/pontocomletra.nossopapel.org.br\/index.php?rest_route=%2Fwp%2Fv2%2Fcomments&post=82"}],"version-history":[{"count":6,"href":"https:\/\/pontocomletra.nossopapel.org.br\/index.php?rest_route=\/wp\/v2\/pages\/82\/revisions"}],"predecessor-version":[{"id":1809,"href":"https:\/\/pontocomletra.nossopapel.org.br\/index.php?rest_route=\/wp\/v2\/pages\/82\/revisions\/1809"}],"wp:featuredmedia":[{"embeddable":true,"href":"https:\/\/pontocomletra.nossopapel.org.br\/index.php?rest_route=\/wp\/v2\/media\/403"}],"wp:attachment":[{"href":"https:\/\/pontocomletra.nossopapel.org.br\/index.php?rest_route=%2Fwp%2Fv2%2Fmedia&parent=82"}],"curies":[{"name":"wp","href":"https:\/\/api.w.org\/{rel}","templated":true}]}}

<figure class="wp-block-image aligncenter size-full"><img loading="lazy" decoding="async" width="432" height="522" src="http://pontocomletra.nossopapel.org.br/wp-content/uploads/2026/02/WhatsApp-Image-2026-02-20-at-12.53.44.jpeg" alt="" class="wp-image-1808" srcset="https://pontocomletra.nossopapel.org.br/wp-content/uploads/2026/02/WhatsApp-Image-2026-02-20-at-12.53.44.jpeg 432w, https://pontocomletra.nossopapel.org.br/wp-content/uploads/2026/02/WhatsApp-Image-2026-02-20-at-12.53.44-248x300.jpeg 248w" sizes="auto, (max-width: 432px) 100vw, 432px" /></figure>



<p class="has-text-align-center has-white-color has-black-background-color has-text-color has-background has-link-color has-medium-font-size wp-elements-6daba3a2f6929006e65bd8fbe4250e2c"><strong>AGRADECIMENTOS</strong></p>



<p>A Ong O Nosso Papel, equipe do projeto Festival Ponto com Letra — Escritores em Ação-Rio Capital Mundial do Livro 2025 — Edição Cultura Viva 2024, agradece imensamente ao patrocínio do Governo Federal, Ministério da Cultura, Prefeitura do Rio de Janeiro, Secretaria Municipal de Cultura, UNESCO e o apoio da OI Futuro.</p>



<p>Agradecemos em especial a todos os parceiros institucionais: Colégio Estadual Augusto Ruschi, SEEDUC, Casa de Cultura José Bonifácio Museu de Comunicação e Costumes, Biblioteca Escolar Municipal de Paquetá Joaquim Manuel de Macedo, Primeira CRÊ, SME, Municipal Futebol Clube, Colônia de Pescadores Z13, Tribo de Artes do Humano, Estante Volante, Oficina Editores, Ventura Editora, Paquetá VIP, ACLAPTCTC-ES e ACLAPTCTC Seção Rio, Instituto AUPABA, Bloco Serragens, Centro Cultural Nação das Artes, Projeto Interconsulta Medicina PROEXC UNIRIO, Campus Avançado, Eco Tampas, ABRAMES, Centro Comunitário Júlio Otonio, CIEP 303 — Ayrton Senna da Silva, XXI Região Administrativa, Guarda Municipal, Charretour, Eco-taxistas, CRAS Dodô da Portela, Rede Sem Fronteiras, Mosaico Cultural, Arte em Laranjeiras e Cosme Velho — realizado pela AMAL — Associação de Moradores e Amigos de Laranjeiras, Juçara Valverde Arte e Literatura, GRES Mocidade Unida do Santa Marta, Academia Brasileira de Cordel e Projeto Cultura na Cesta.</p>



<p>Saraus: Te Encontro na APPERJ, Terça ComVerso, Ode ao Poeta, Sarau da Varanda, Ratos Di Versos, Poeta Saia da Gaveta — PSG POST digital, Rio Psiu Poético rumo aos 40 anos, Sarau FioMultiCultural, Poesia Cult, Clube das Palavras, Sarau na Casa D’Alma, Projeto Cultural Música, Poesia e Você, Roda Poética do Espaço Zagut, Letras da Favela, Sarau do Largo Estácio de Sá (ADAQUERJ).</p>



<p>Aos funcionários do Colégio Estadual Augusto Ruschi, Casa de Cultura José Bonifácio Museu de Comunicação e Costumes, Municipal Futebol Clube, Biblioteca Escolar Municipal de Paquetá Joaquim Manuel de Macedo pelo apoio à produção do Festival.</p>



<p>E aos poetas, escritores, artistas que colaboraram com os seus trabalhos para a inserção no blog, livro e exposições, enfim, a todos que acreditaram na realização desse sonho e navegaram conosco durante essa incrível viagem através do mundo da literatura, nos inspirando a juntar letras, formar palavras, inserir pontos, formar frases, versos e assim se tornarem coautores desse livro.</p>

<p>AGRADECIMENTOS A Ong O Nosso Papel, equipe do projeto Festival Ponto com Letra — Escritores em Ação-Rio Capital Mundial do</p>
