{"id":81,"date":"2025-03-30T17:19:19","date_gmt":"2025-03-30T20:19:19","guid":{"rendered":"http:\/\/pontocomletra.nossopapel.org.br\/?page_id=81"},"modified":"2025-06-03T21:30:07","modified_gmt":"2025-06-04T00:30:07","slug":"atividades-virtuais","status":"publish","type":"page","link":"https:\/\/pontocomletra.nossopapel.org.br\/?page_id=81","title":{"rendered":"ATIVIDADES VIRTUAIS"},"content":{"rendered":"\n<p class=\"has-white-color has-black-background-color has-text-color has-background has-link-color has-medium-font-size wp-elements-f359bc017e06e15d127447b35ce75719\"><strong>A jornalista e escritora, Nina Fernandes comp\u00f5e a can\u00e7\u00e3o em homenagem aos 460 anos do Rio de Janeiro<\/strong><\/p>\n\n\n\n<figure class=\"wp-block-embed is-type-video is-provider-youtube wp-block-embed-youtube wp-embed-aspect-16-9 wp-has-aspect-ratio\"><div class=\"wp-block-embed__wrapper\">\n<iframe loading=\"lazy\" title=\"Composi\u00e7\u00e3o da escritora Nina Fernandes\" width=\"800\" height=\"450\" src=\"https:\/\/www.youtube.com\/embed\/d5oyYFfdewk?feature=oembed\" frameborder=\"0\" allow=\"accelerometer; autoplay; clipboard-write; encrypted-media; gyroscope; picture-in-picture; web-share\" referrerpolicy=\"strict-origin-when-cross-origin\" allowfullscreen><\/iframe>\n<\/div><\/figure>\n\n\n\n<p class=\"has-tablet-text-align-justify has-mobile-text-align-justify\">\u00c9 com muita alegria e encanto que inauguramos esse lugar especial no nosso BLOG &#8211; Festival Ponto com Letra &#8211; Escritores em A\u00e7\u00e3o, Edital Rio Capital Mundial do Livro 2025.Nesse ano onde o Rio de Janeiro \u00e9 Capital Mundial do Livro, nada como come\u00e7ar a navegar pela poesia com uma bela homenagem ao Rio e seu anivers\u00e1rio de 460 anos!!!E para isso, teremos ela, Nina Fernandes, jornalista, escritora, compositora, cantora e fot\u00f3grafa. Colunista dos jornais, Posto Seis e Terra da Gente. Vice-presidente de Rela\u00e7\u00f5es P\u00fablicas da UBT-Rio. Membro oficial da Rede Sem Fronteiras. Membro da ABRAMES, da Acad\u00eamia Luso-Brasileira de Letras. Membro da UBE\/RJ. Artilheira da Cultura do Centro de Literatura do Forte de Copacabana. Membro do C\u00edrculo Liter\u00e1rio do Clube Naval. Associada a AJEB-RJ. E claro, nossa parceira nessa jornada linda que estamos fazendo por esse Oceano Liter\u00e1rio. Obrigada Nina Fernandes<\/p>\n\n\n\n<figure class=\"wp-block-image size-full is-resized\"><img loading=\"lazy\" decoding=\"async\" width=\"599\" height=\"589\" src=\"http:\/\/pontocomletra.nossopapel.org.br\/wp-content\/uploads\/2025\/06\/WhatsApp-Image-2025-05-30-at-14.50.01.jpeg\" alt=\"\" class=\"wp-image-382\" style=\"width:411px;height:auto\" srcset=\"https:\/\/pontocomletra.nossopapel.org.br\/wp-content\/uploads\/2025\/06\/WhatsApp-Image-2025-05-30-at-14.50.01.jpeg 599w, https:\/\/pontocomletra.nossopapel.org.br\/wp-content\/uploads\/2025\/06\/WhatsApp-Image-2025-05-30-at-14.50.01-300x295.jpeg 300w\" sizes=\"auto, (max-width: 599px) 100vw, 599px\" \/><\/figure>\n","protected":false},"excerpt":{"rendered":"<p>A jornalista e escritora, Nina Fernandes comp\u00f5e a can\u00e7\u00e3o em homenagem aos 460 anos do Rio de Janeiro \u00c9 com<\/p>\n","protected":false},"author":2,"featured_media":0,"parent":0,"menu_order":0,"comment_status":"closed","ping_status":"closed","template":"","meta":{"colormag_page_layout":"default_layout","_editorskit_title_hidden":false,"_editorskit_reading_time":0,"_editorskit_is_block_options_detached":false,"_editorskit_block_options_position":"{}","footnotes":""},"class_list":["post-81","page","type-page","status-publish","hentry"],"_links":{"self":[{"href":"https:\/\/pontocomletra.nossopapel.org.br\/index.php?rest_route=\/wp\/v2\/pages\/81","targetHints":{"allow":["GET"]}}],"collection":[{"href":"https:\/\/pontocomletra.nossopapel.org.br\/index.php?rest_route=\/wp\/v2\/pages"}],"about":[{"href":"https:\/\/pontocomletra.nossopapel.org.br\/index.php?rest_route=\/wp\/v2\/types\/page"}],"author":[{"embeddable":true,"href":"https:\/\/pontocomletra.nossopapel.org.br\/index.php?rest_route=\/wp\/v2\/users\/2"}],"replies":[{"embeddable":true,"href":"https:\/\/pontocomletra.nossopapel.org.br\/index.php?rest_route=%2Fwp%2Fv2%2Fcomments&post=81"}],"version-history":[{"count":3,"href":"https:\/\/pontocomletra.nossopapel.org.br\/index.php?rest_route=\/wp\/v2\/pages\/81\/revisions"}],"predecessor-version":[{"id":385,"href":"https:\/\/pontocomletra.nossopapel.org.br\/index.php?rest_route=\/wp\/v2\/pages\/81\/revisions\/385"}],"wp:attachment":[{"href":"https:\/\/pontocomletra.nossopapel.org.br\/index.php?rest_route=%2Fwp%2Fv2%2Fmedia&parent=81"}],"curies":[{"name":"wp","href":"https:\/\/api.w.org\/{rel}","templated":true}]}}

<p class="has-white-color has-black-background-color has-text-color has-background has-link-color has-medium-font-size wp-elements-f359bc017e06e15d127447b35ce75719"><strong>A jornalista e escritora, Nina Fernandes compõe a canção em homenagem aos 460 anos do Rio de Janeiro</strong></p>



<figure class="wp-block-embed is-type-video is-provider-youtube wp-block-embed-youtube wp-embed-aspect-16-9 wp-has-aspect-ratio"><div class="wp-block-embed__wrapper">
<iframe loading="lazy" title="Composição da escritora Nina Fernandes" width="800" height="450" src="https://www.youtube.com/embed/d5oyYFfdewk?feature=oembed" frameborder="0" allow="accelerometer; autoplay; clipboard-write; encrypted-media; gyroscope; picture-in-picture; web-share" referrerpolicy="strict-origin-when-cross-origin" allowfullscreen></iframe>
</div></figure>



<p class="has-tablet-text-align-justify has-mobile-text-align-justify">É com muita alegria e encanto que inauguramos esse lugar especial no nosso BLOG &#8211; Festival Ponto com Letra &#8211; Escritores em Ação, Edital Rio Capital Mundial do Livro 2025.Nesse ano onde o Rio de Janeiro é Capital Mundial do Livro, nada como começar a navegar pela poesia com uma bela homenagem ao Rio e seu aniversário de 460 anos!!!E para isso, teremos ela, Nina Fernandes, jornalista, escritora, compositora, cantora e fotógrafa. Colunista dos jornais, Posto Seis e Terra da Gente. Vice-presidente de Relações Públicas da UBT-Rio. Membro oficial da Rede Sem Fronteiras. Membro da ABRAMES, da Acadêmia Luso-Brasileira de Letras. Membro da UBE/RJ. Artilheira da Cultura do Centro de Literatura do Forte de Copacabana. Membro do Círculo Literário do Clube Naval. Associada a AJEB-RJ. E claro, nossa parceira nessa jornada linda que estamos fazendo por esse Oceano Literário. Obrigada Nina Fernandes</p>



<figure class="wp-block-image size-full is-resized"><img loading="lazy" decoding="async" width="599" height="589" src="http://pontocomletra.nossopapel.org.br/wp-content/uploads/2025/06/WhatsApp-Image-2025-05-30-at-14.50.01.jpeg" alt="" class="wp-image-382" style="width:411px;height:auto" srcset="https://pontocomletra.nossopapel.org.br/wp-content/uploads/2025/06/WhatsApp-Image-2025-05-30-at-14.50.01.jpeg 599w, https://pontocomletra.nossopapel.org.br/wp-content/uploads/2025/06/WhatsApp-Image-2025-05-30-at-14.50.01-300x295.jpeg 300w" sizes="auto, (max-width: 599px) 100vw, 599px" /></figure>

<p>A jornalista e escritora, Nina Fernandes compõe a canção em homenagem aos 460 anos do Rio de Janeiro É com</p>
