{"id":78,"date":"2025-03-30T17:19:19","date_gmt":"2025-03-30T20:19:19","guid":{"rendered":"http:\/\/pontocomletra.nossopapel.org.br\/?page_id=78"},"modified":"2026-02-20T12:42:26","modified_gmt":"2026-02-20T15:42:26","slug":"o-nosso-papel-e-a-literatura","status":"publish","type":"page","link":"https:\/\/pontocomletra.nossopapel.org.br\/?page_id=78","title":{"rendered":"O NOSSO PAPEL E A LITERATURA"},"content":{"rendered":"\n<p class=\"has-text-align-center has-white-color has-black-background-color has-text-color has-background has-link-color has-medium-font-size wp-elements-1f6b2f5c0d1834b83f5caf625c8ff4f1\"><strong><font dir=\"auto\" style=\"vertical-align: inherit;\"><font dir=\"auto\" style=\"vertical-align: inherit;\"> ONG O NOSSO PAPEL E A LITERATURA<\/font><\/font><\/strong><\/p>\n\n\n\n<p>  <font dir=\"auto\" style=\"vertical-align: inherit;\"><font dir=\"auto\" style=\"vertical-align: inherit;\">\u00a0<\/font><\/font>A Ong O Nosso Papel tem em sua hist\u00f3ria diversas atua\u00e7\u00f5es relacionadas \u00e0 literatura. Em 2001, quando foi fundada, realizou o projeto \u201cDe Cora\u00e7\u00e3o para Cora\u00e7\u00e3o \u2014 Poetas em A\u00e7\u00e3o \u2014 Pr\u00f3 Crian\u00e7a Card\u00edaca\u201d, idealizado por Claudia Luna, que reuniu poetas de diversas academias de letras de todo o Brasil, em torno de uma a\u00e7\u00e3o solid\u00e1ria em benef\u00edcio das crian\u00e7as atendidas pelo projeto da Dra Rosa C\u00e9lia, no Hospital Pr\u00f3 Card\u00edaco, localizado no bairro de Botafogo, Rio de Janeiro. O projeto realiza atendimentos e cirurgias card\u00edacas em crian\u00e7as carentes.<\/p>\n\n\n\n<p>  Foi publicada uma colet\u00e2nea de poesias com o tema \u201cCora\u00e7\u00e3o\u201d, e realizado um evento de lan\u00e7amento no terra\u00e7o do Shopping Rio Sul, que contou com a participa\u00e7\u00e3o do Coral do Col\u00e9gio Santa \u00darsula, Sarau de Poesia com mais de 50 poetas, participa\u00e7\u00e3o de jovens de projeto social da Pastoral do Menor na atividade de troca de livros de poesias, doados por poetas de todo o Brasil em troca de alimentos n\u00e3o perec\u00edveis. O evento contou com o apoio da APPERJ \u2014 Associa\u00e7\u00e3o Profissional de Poetas no Estado do Rio de Janeiro, sendo apresentado por S\u00e9rgio Ger\u00f4nimo, na \u00e9poca, presidente da APPERJ, e Glenda Maier, diretora tesoureira.<\/p>\n\n\n\n<p>  No projeto CRCC \u2014 Centro de Refer\u00eancia de Cultura Carioca com o patroc\u00ednio da empresa Telemar, atrav\u00e9s da Lei de Incentivo \u00e0 Cultura ICMS, realizado a partir de 2004, foi inserido um curso cont\u00ednuo de literatura ministrado pelo poeta Jo\u00e3o de Abreu Borges, na Escola Municipal Deodoro no bairro da Gl\u00f3ria, Rio de Janeiro. O curso realizou leituras, oficinas de poesia, conta\u00e7\u00e3o de hist\u00f3rias e confec\u00e7\u00e3o de livros artesanais feitos pelos alunos.<\/p>\n\n\n\n<p>  A Ong O Nosso Papel organizou durante dois anos seguidos, em parceria com o grupo Poesia Simplesmente, o evento infantojuvenil ligado ao Festival Carioca de Poesia, sendo o primeiro no Teatro Glaucio Gill, com participa\u00e7\u00e3o de alunos do CRCC, e o segundo, no Espa\u00e7o Tom Jobim localizado no Jardim Bot\u00e2nico, Rio de Janeiro.<\/p>\n\n\n\n<p>  A Ong O Nosso Papel promoveu durante um ano o projeto \u201cJardineiro Poeta\u201d, em parceria com o Servi\u00e7o Social do Jardim Bot\u00e2nico, viabilizando encontros dos alunos dos cursos de jardinagem com autores diversos do grupo Poesia Simplesmente e da APPERJ.<\/p>\n\n\n\n<p>  O Ponto de Cultura Fazendo a Diferen\u00e7a em Paquet\u00e1 tem espa\u00e7o de refer\u00eancia na Biblioteca Escolar Municipal de Paquet\u00e1 Joaquim Manuel de Macedo e, desde 2008, realiza atividades no local. Dentre elas, exposi\u00e7\u00f5es de fotografias e poesias, conta\u00e7\u00e3o de hist\u00f3rias, interc\u00e2mbio com autores, lan\u00e7amento de postais com imagens de Paquet\u00e1 e do entorno da Ba\u00eda de Guanabara, eventos ligados ao Programa Cultura Viva, Oficinas de Eco Arte, Mostras de Cinema, Curso de Fotografia, inicia\u00e7\u00e3o \u00e0 inform\u00e1tica, incluindo participa\u00e7\u00e3o no evento Paix\u00e3o de Ler.<\/p>\n\n\n\n<p>  Durante o Pr\u00eamio Aret\u00e9 2009 \u2014 Eventos em Rede, foram realizadas conversas com o autor S\u00e9rgio Ger\u00f4nimo, da APPERJ e da Oficina Editores, assim como conta\u00e7\u00e3o de hist\u00f3rias com a Dupla do Conto Axul\u00e9 Axup\u00e9, que sempre trabalhou em parceria com o Ponto, al\u00e9m de oficinas de poesia com Angineli Angelim e as crian\u00e7as do PETI.<\/p>\n\n\n\n<p>  A Ong tamb\u00e9m realizou, no Iate Clube do Rio de Janeiro, em 2011, o Bazar do Bem com vendas de produtos em benef\u00edcio do Instituto Benjamin Constant. A APPERJ foi convidada a apresentar um mini sarau com os poetas.<\/p>\n\n\n\n<p>  Em 2013, organizou o Natal dos Desejos \u2014 Paquet\u00e1, um evento no Parque Darke de Matos, em parceria com a XXI Regi\u00e3o Administrativa e o CRAS Dod\u00f4 da Portela. As crian\u00e7as foram estimuladas a escrever bilhetes art\u00edsticos com seus desejos pessoais e desejos para a Ilha de Paquet\u00e1. Atrav\u00e9s de oficinas diversas foi constru\u00edda pelas crian\u00e7as, de forma coletiva uma \u00e1rvore ecol\u00f3gica bel\u00edssima, intitulada \u201c\u00c1rvore dos Desejos\u201d, que se tornou uma atividade presente at\u00e9 os dias de hoje, contando com a participa\u00e7\u00e3o do artista pl\u00e1stico Alfredo Borret, idealizador do projeto Eco Tampas.<\/p>\n\n\n\n<p>Promoveu, de 2008 at\u00e9 2024, no Ponto de Cultura Fazendo a Diferen\u00e7a em Paquet\u00e1 o evento \u201cPonto com Letra\u201d com atividades liter\u00e1rias voltadas para o p\u00fablico infantojuvenil na Biblioteca Escolar Municipal de Paquet\u00e1 Joaquim Manuel de Macedo, na Escola Municipal Joaquim Manuel de Macedo e espa\u00e7os p\u00fablicos da ilha. O Ponto com Letra viabilizou interc\u00e2mbio entre autores de livros e os alunos, Conta\u00e7\u00f5es de Hist\u00f3rias, Exposi\u00e7\u00f5es de Foto e Poesia com participa\u00e7\u00e3o de diversos poetas.<\/p>\n\n\n\n<p>  A partir de 2019, como comemora\u00e7\u00e3o do t\u00e9rmino do Conv\u00eanio da Rede Carioca de Pontos de Cultura com a SMCRJ, realizou o I FLAMATEC \u2014 Festival de Letras, Artes, Meio Ambiente e Tecnologia, inicialmente de forma presencial para alunos do CRAS Dod\u00f4 da Portela e escolas p\u00fablicas locais.<\/p>\n\n\n\n<p>  O II FLAMATEC aconteceu de forma virtual devido \u00e0 pandemia com abertura do Blog<br><a href=\"http:\/\/www.flamatec.nossopapel.org.br\" data-type=\"link\" data-id=\"www.flamatec.nossopapel.org.br\">www.flamatec.nossopapel.org.br<\/a>, organizado, em Ilhas digital, difusiva e audiovisual com inser\u00e7\u00e3o de todas as atividades do Ponto, atrav\u00e9s de 100 mini v\u00eddeos com participa\u00e7\u00e3o de artistas, poetas, escritores, pontos de cultura, sendo difundidos diariamente a partir da abertura do evento.<\/p>\n\n\n\n<p>  O III FLAMATEC, que teve in\u00edcio em 2022 e t\u00e9rmino em 2023, fez parte do Edital Retomada Cultural 2 da SECEC e passou a ser realizado de forma presencial e virtual. A a\u00e7\u00e3o foi replicada em tr\u00eas locais distintos: Paquet\u00e1; Comunidade J\u00falio Otoni, localizada em Santa Teresa; Mendes, na Biblioteca P\u00fablica Municipal Guiomar Rocha Rinaldi; e em tr\u00eas escolas p\u00fablicas locais. O formato virtual feito atrav\u00e9s do blog <a href=\"http:\/\/www.flamatec.nossopapel.org.br\">http:\/\/www.flamatec.nossopapel.org.br<\/a>, re\u00fane uma rede de artistas, poetas e escritores, cuja participa\u00e7\u00e3o no projetoFestival Ponto com Letra \u2014 Escritores em A\u00e7\u00e3o foi confirmada. Alguns participaram de forma presencial e virtual, e outros, somente de forma virtual.<\/p>\n\n\n\n<p>    Em 2025, realiza o I \u201cFestival Ponto com Letra \u2014 Escritores em A\u00e7\u00e3o\u201d \u2014 Edi\u00e7\u00e3o Cultura Viva, ampliando as atividades liter\u00e1rias j\u00e1 promovidas desde 2008.<\/p>\n","protected":false},"excerpt":{"rendered":"<p>ONG O NOSSO PAPEL E A LITERATURA \u00a0A Ong O Nosso Papel tem em sua hist\u00f3ria diversas atua\u00e7\u00f5es relacionadas \u00e0<\/p>\n","protected":false},"author":2,"featured_media":0,"parent":0,"menu_order":0,"comment_status":"closed","ping_status":"closed","template":"","meta":{"colormag_page_layout":"default_layout","_editorskit_title_hidden":false,"_editorskit_reading_time":0,"_editorskit_is_block_options_detached":false,"_editorskit_block_options_position":"{}","footnotes":""},"class_list":["post-78","page","type-page","status-publish","hentry"],"_links":{"self":[{"href":"https:\/\/pontocomletra.nossopapel.org.br\/index.php?rest_route=\/wp\/v2\/pages\/78","targetHints":{"allow":["GET"]}}],"collection":[{"href":"https:\/\/pontocomletra.nossopapel.org.br\/index.php?rest_route=\/wp\/v2\/pages"}],"about":[{"href":"https:\/\/pontocomletra.nossopapel.org.br\/index.php?rest_route=\/wp\/v2\/types\/page"}],"author":[{"embeddable":true,"href":"https:\/\/pontocomletra.nossopapel.org.br\/index.php?rest_route=\/wp\/v2\/users\/2"}],"replies":[{"embeddable":true,"href":"https:\/\/pontocomletra.nossopapel.org.br\/index.php?rest_route=%2Fwp%2Fv2%2Fcomments&post=78"}],"version-history":[{"count":6,"href":"https:\/\/pontocomletra.nossopapel.org.br\/index.php?rest_route=\/wp\/v2\/pages\/78\/revisions"}],"predecessor-version":[{"id":1804,"href":"https:\/\/pontocomletra.nossopapel.org.br\/index.php?rest_route=\/wp\/v2\/pages\/78\/revisions\/1804"}],"wp:attachment":[{"href":"https:\/\/pontocomletra.nossopapel.org.br\/index.php?rest_route=%2Fwp%2Fv2%2Fmedia&parent=78"}],"curies":[{"name":"wp","href":"https:\/\/api.w.org\/{rel}","templated":true}]}}

<p class="has-text-align-center has-white-color has-black-background-color has-text-color has-background has-link-color has-medium-font-size wp-elements-1f6b2f5c0d1834b83f5caf625c8ff4f1"><strong><font dir="auto" style="vertical-align: inherit;"><font dir="auto" style="vertical-align: inherit;"> ONG O NOSSO PAPEL E A LITERATURA</font></font></strong></p>



<p>  <font dir="auto" style="vertical-align: inherit;"><font dir="auto" style="vertical-align: inherit;"> </font></font>A Ong O Nosso Papel tem em sua história diversas atuações relacionadas à literatura. Em 2001, quando foi fundada, realizou o projeto “De Coração para Coração — Poetas em Ação — Pró Criança Cardíaca”, idealizado por Claudia Luna, que reuniu poetas de diversas academias de letras de todo o Brasil, em torno de uma ação solidária em benefício das crianças atendidas pelo projeto da Dra Rosa Célia, no Hospital Pró Cardíaco, localizado no bairro de Botafogo, Rio de Janeiro. O projeto realiza atendimentos e cirurgias cardíacas em crianças carentes.</p>



<p>  Foi publicada uma coletânea de poesias com o tema “Coração”, e realizado um evento de lançamento no terraço do Shopping Rio Sul, que contou com a participação do Coral do Colégio Santa Úrsula, Sarau de Poesia com mais de 50 poetas, participação de jovens de projeto social da Pastoral do Menor na atividade de troca de livros de poesias, doados por poetas de todo o Brasil em troca de alimentos não perecíveis. O evento contou com o apoio da APPERJ — Associação Profissional de Poetas no Estado do Rio de Janeiro, sendo apresentado por Sérgio Gerônimo, na época, presidente da APPERJ, e Glenda Maier, diretora tesoureira.</p>



<p>  No projeto CRCC — Centro de Referência de Cultura Carioca com o patrocínio da empresa Telemar, através da Lei de Incentivo à Cultura ICMS, realizado a partir de 2004, foi inserido um curso contínuo de literatura ministrado pelo poeta João de Abreu Borges, na Escola Municipal Deodoro no bairro da Glória, Rio de Janeiro. O curso realizou leituras, oficinas de poesia, contação de histórias e confecção de livros artesanais feitos pelos alunos.</p>



<p>  A Ong O Nosso Papel organizou durante dois anos seguidos, em parceria com o grupo Poesia Simplesmente, o evento infantojuvenil ligado ao Festival Carioca de Poesia, sendo o primeiro no Teatro Glaucio Gill, com participação de alunos do CRCC, e o segundo, no Espaço Tom Jobim localizado no Jardim Botânico, Rio de Janeiro.</p>



<p>  A Ong O Nosso Papel promoveu durante um ano o projeto “Jardineiro Poeta”, em parceria com o Serviço Social do Jardim Botânico, viabilizando encontros dos alunos dos cursos de jardinagem com autores diversos do grupo Poesia Simplesmente e da APPERJ.</p>



<p>  O Ponto de Cultura Fazendo a Diferença em Paquetá tem espaço de referência na Biblioteca Escolar Municipal de Paquetá Joaquim Manuel de Macedo e, desde 2008, realiza atividades no local. Dentre elas, exposições de fotografias e poesias, contação de histórias, intercâmbio com autores, lançamento de postais com imagens de Paquetá e do entorno da Baía de Guanabara, eventos ligados ao Programa Cultura Viva, Oficinas de Eco Arte, Mostras de Cinema, Curso de Fotografia, iniciação à informática, incluindo participação no evento Paixão de Ler.</p>



<p>  Durante o Prêmio Areté 2009 — Eventos em Rede, foram realizadas conversas com o autor Sérgio Gerônimo, da APPERJ e da Oficina Editores, assim como contação de histórias com a Dupla do Conto Axulé Axupé, que sempre trabalhou em parceria com o Ponto, além de oficinas de poesia com Angineli Angelim e as crianças do PETI.</p>



<p>  A Ong também realizou, no Iate Clube do Rio de Janeiro, em 2011, o Bazar do Bem com vendas de produtos em benefício do Instituto Benjamin Constant. A APPERJ foi convidada a apresentar um mini sarau com os poetas.</p>



<p>  Em 2013, organizou o Natal dos Desejos — Paquetá, um evento no Parque Darke de Matos, em parceria com a XXI Região Administrativa e o CRAS Dodô da Portela. As crianças foram estimuladas a escrever bilhetes artísticos com seus desejos pessoais e desejos para a Ilha de Paquetá. Através de oficinas diversas foi construída pelas crianças, de forma coletiva uma árvore ecológica belíssima, intitulada “Árvore dos Desejos”, que se tornou uma atividade presente até os dias de hoje, contando com a participação do artista plástico Alfredo Borret, idealizador do projeto Eco Tampas.</p>



<p>Promoveu, de 2008 até 2024, no Ponto de Cultura Fazendo a Diferença em Paquetá o evento “Ponto com Letra” com atividades literárias voltadas para o público infantojuvenil na Biblioteca Escolar Municipal de Paquetá Joaquim Manuel de Macedo, na Escola Municipal Joaquim Manuel de Macedo e espaços públicos da ilha. O Ponto com Letra viabilizou intercâmbio entre autores de livros e os alunos, Contações de Histórias, Exposições de Foto e Poesia com participação de diversos poetas.</p>



<p>  A partir de 2019, como comemoração do término do Convênio da Rede Carioca de Pontos de Cultura com a SMCRJ, realizou o I FLAMATEC — Festival de Letras, Artes, Meio Ambiente e Tecnologia, inicialmente de forma presencial para alunos do CRAS Dodô da Portela e escolas públicas locais.</p>



<p>  O II FLAMATEC aconteceu de forma virtual devido à pandemia com abertura do Blog<br><a href="http://www.flamatec.nossopapel.org.br" data-type="link" data-id="www.flamatec.nossopapel.org.br">www.flamatec.nossopapel.org.br</a>, organizado, em Ilhas digital, difusiva e audiovisual com inserção de todas as atividades do Ponto, através de 100 mini vídeos com participação de artistas, poetas, escritores, pontos de cultura, sendo difundidos diariamente a partir da abertura do evento.</p>



<p>  O III FLAMATEC, que teve início em 2022 e término em 2023, fez parte do Edital Retomada Cultural 2 da SECEC e passou a ser realizado de forma presencial e virtual. A ação foi replicada em três locais distintos: Paquetá; Comunidade Júlio Otoni, localizada em Santa Teresa; Mendes, na Biblioteca Pública Municipal Guiomar Rocha Rinaldi; e em três escolas públicas locais. O formato virtual feito através do blog <a href="http://www.flamatec.nossopapel.org.br">http://www.flamatec.nossopapel.org.br</a>, reúne uma rede de artistas, poetas e escritores, cuja participação no projetoFestival Ponto com Letra — Escritores em Ação foi confirmada. Alguns participaram de forma presencial e virtual, e outros, somente de forma virtual.</p>



<p>    Em 2025, realiza o I “Festival Ponto com Letra — Escritores em Ação” — Edição Cultura Viva, ampliando as atividades literárias já promovidas desde 2008.</p>

<p>ONG O NOSSO PAPEL E A LITERATURA  A Ong O Nosso Papel tem em sua história diversas atuações relacionadas à</p>
