{"id":1770,"date":"2025-12-22T19:52:17","date_gmt":"2025-12-22T22:52:17","guid":{"rendered":"http:\/\/pontocomletra.nossopapel.org.br\/?page_id=1770"},"modified":"2026-01-12T20:27:01","modified_gmt":"2026-01-12T23:27:01","slug":"lancamento-coletanea-festival-ponto-com-letra-escritores-em-acao","status":"publish","type":"page","link":"https:\/\/pontocomletra.nossopapel.org.br\/?page_id=1770","title":{"rendered":"LAN\u00c7AMENTO DA COLET\u00c2NEA FESTIVAL PONTO COM LETRA &#8211; ESCRITORES EM A\u00c7\u00c3O"},"content":{"rendered":"\n<p>Click no link abaixo e acesse o PDF da colet\u00e2nea publicada pela Ventura Editora no Festival Ponto Letra &#8211; Escritores em A\u00e7\u00e3o<\/p>\n\n\n\n<p>.<a href=\"http:\/\/pontocomletra.nossopapel.org.br\/wp-content\/uploads\/2026\/01\/COLETANEA-FESTIVAL-PONTO-COM-LETRA_miolo.pdf\">http:\/\/pontocomletra.nossopapel.org.br\/wp-content\/uploads\/2026\/01\/COLETANEA-FESTIVAL-PONTO-COM-LETRA_miolo.pdf<\/a><\/p>\n\n\n\n<p><\/p>\n","protected":false},"excerpt":{"rendered":"<p>Click no link abaixo e acesse o PDF da colet\u00e2nea publicada pela Ventura Editora no Festival Ponto Letra &#8211; Escritores<\/p>\n","protected":false},"author":2,"featured_media":0,"parent":0,"menu_order":0,"comment_status":"closed","ping_status":"closed","template":"","meta":{"colormag_page_layout":"default_layout","_editorskit_title_hidden":false,"_editorskit_reading_time":0,"_editorskit_is_block_options_detached":false,"_editorskit_block_options_position":"{}","footnotes":""},"class_list":["post-1770","page","type-page","status-publish","hentry"],"_links":{"self":[{"href":"https:\/\/pontocomletra.nossopapel.org.br\/index.php?rest_route=\/wp\/v2\/pages\/1770","targetHints":{"allow":["GET"]}}],"collection":[{"href":"https:\/\/pontocomletra.nossopapel.org.br\/index.php?rest_route=\/wp\/v2\/pages"}],"about":[{"href":"https:\/\/pontocomletra.nossopapel.org.br\/index.php?rest_route=\/wp\/v2\/types\/page"}],"author":[{"embeddable":true,"href":"https:\/\/pontocomletra.nossopapel.org.br\/index.php?rest_route=\/wp\/v2\/users\/2"}],"replies":[{"embeddable":true,"href":"https:\/\/pontocomletra.nossopapel.org.br\/index.php?rest_route=%2Fwp%2Fv2%2Fcomments&post=1770"}],"version-history":[{"count":4,"href":"https:\/\/pontocomletra.nossopapel.org.br\/index.php?rest_route=\/wp\/v2\/pages\/1770\/revisions"}],"predecessor-version":[{"id":1792,"href":"https:\/\/pontocomletra.nossopapel.org.br\/index.php?rest_route=\/wp\/v2\/pages\/1770\/revisions\/1792"}],"wp:attachment":[{"href":"https:\/\/pontocomletra.nossopapel.org.br\/index.php?rest_route=%2Fwp%2Fv2%2Fmedia&parent=1770"}],"curies":[{"name":"wp","href":"https:\/\/api.w.org\/{rel}","templated":true}]}}

LANÇAMENTO DA COLETÂNEA FESTIVAL PONTO COM LETRA &#8211; ESCRITORES EM AÇÃO

<p>Click no link abaixo e acesse o PDF da coletânea publicada pela Ventura Editora no Festival Ponto Letra &#8211; Escritores em Ação</p>



<p>.<a href="http://pontocomletra.nossopapel.org.br/wp-content/uploads/2026/01/COLETANEA-FESTIVAL-PONTO-COM-LETRA_miolo.pdf">http://pontocomletra.nossopapel.org.br/wp-content/uploads/2026/01/COLETANEA-FESTIVAL-PONTO-COM-LETRA_miolo.pdf</a></p>



<p></p>

<p>Click no link abaixo e acesse o PDF da coletânea publicada pela Ventura Editora no Festival Ponto Letra &#8211; Escritores</p>
